mainder when s(-2) is divided by z.
20
Suppose 0*r - 3*r = 2*i + 98, -5*i + 4*r - 199 = 0. Let b = -25 - i. What is the remainder when b is divided by 10?
8
Let q = 136 + -95. Let a(f) = -2*f - 8. What is the remainder when q is divided by a(-11)?
13
Let m(q) = q**2 - 5*q + 5. Let u be m(5). Let b(o) = -o - u*o + o**2 + o**2 + 5*o. What is the remainder when 17 is divided by b(2)?
5
Suppose 2*k + 12 = -2*s + 34, 3*k - s = 41. What is the remainder when 62 is divided by k?
10
Suppose -2*a - 5*f = -57, -2*f - 7 = -2*a + 3*f. Suppose 5*v = 0, -2*m + v + v = -a. Suppose -3*g = -m*g + 150. What is the remainder when g is divided by 11?
8
Let s = 7 - 5. Suppose j - 4*w = -w + 5, -5*w + 21 = s*j. Suppose 18 = 5*l + 3. What is the remainder when j is divided by l?
2
Let i = -10 - 26. Let j = i + 65. Calculate the remainder when j is divided by ((-20)/6)/(3/(-9)).
9
Let q = 36 + -24. Calculate the remainder when 8 is divided by (-45)/(-12) + 3/q.
0
Let r = 4 - 1. What is the remainder when r is divided by (8/(-20))/((-1)/5)?
1
Suppose -r - 3*j = -0*r - 62, 4*r - 237 = -j. Calculate the remainder when r is divided by 21.
17
Calculate the remainder when (7 - 1)/(-2) - 119/(-17) is divided by 1.
0
Suppose -2*o + 2 + 6 = 0. Suppose 0*n = -n - o*d + 7, 0 = 3*d + 12. What is the remainder when 45 is divided by n?
22
Let f(g) = -g**2 + 11*g + 26. Calculate the remainder when 103 is divided by f(11).
25
Suppose 5 = 4*l + r, -2*r - r - 1 = -4*l. Calculate the remainder when 5*l*(-68)/(-20) is divided by 9.
8
Suppose 5*a - 10*a + 515 = 0. Calculate the remainder when a is divided by 26.
25
Suppose -l + 3*w + 36 = 12, 0 = l + 2*w - 34. Let t(h) = -h**3 + 7*h**2 + 2*h - 3. What is the remainder when l is divided by t(7)?
8
Suppose -4*w = w. Suppose w = s + 2. What is the remainder when 301/14 + s/4 is divided by 11?
10
Suppose 0 = 2*j - 6*j + 128. Suppose -113 = 3*p + 4*r, -3*p - p - 5*r - 150 = 0. Let b = -18 - p. Calculate the remainder when j is divided by b.
15
Suppose 8*c + 12 = 11*c. What is the remainder when ((-4)/6)/(c/(-210)) is divided by 12?
11
Let g = 28 - 21. Calculate the remainder when 82 is divided by g.
5
Suppose 4*i - 27 = i. Suppose -3*r + 144 = 4*n + r, 5*r - 147 = -4*n. What is the remainder when n is divided by i?
6
Let s(a) = 2*a**2 - 20*a + 7. What is the remainder when s(10) is divided by 5?
2
Suppose 0 = -5*y + h + 75, 2*h - 4 = -y - 0*h. Calculate the remainder when 55 is divided by y.
13
Let i = 5 - 2. Suppose j + i = 57. What is the remainder when j is divided by 19?
16
Let c = 37 + -15. What is the remainder when c is divided by 6?
4
Let k(m) = -m**3 - 15*m**2 + m + 30. Calculate the remainder when 59 is divided by k(-15).
14
Let x(b) = -b**3 + 26*b**2 + 27*b + 19. Calculate the remainder when 54 is divided by x(27).
16
Let l = 34 + -201. Let b = l + 308. Suppose b = 2*o + o. Calculate the remainder when o is divided by 12.
11
Let o = -35 + 71. Suppose 0 = p + 5*t + o, -t + 5*t - 216 = 4*p. Let n = p - -73. Calculate the remainder when n is divided by 12.
10
Let i(z) = z + 14. Let s be i(-9). Suppose 5 = 3*t - 4*h, 8*t - s*h = 3*t + 15. Calculate the remainder when 13 is divided by t.
6
Suppose 6 + 0 = 3*k. Suppose -7 = -k*c - 3, i - 3*c + 3 = 0. What is the remainder when 2 + 0 + 4*i is divided by 5?
4
Suppose 0 = -4*h + 16*l - 21*l + 99, 2*h - 52 = -2*l. What is the remainder when (44/6)/((-4)/(-66)) is divided by h?
28
Suppose -142*m - 172 = -146*m. What is the remainder when m is divided by 15?
13
Suppose 9 = 2*c - 25. Let y(h) = 2*h**2 - 4*h. Let r be 5 + (1 - (0 - -3)). Calculate the remainder when c is divided by y(r).
5
Let i(w) = -w + 29. What is the remainder when i(10) is divided by 3*(1 - 7/(-3))?
9
Let i = -17 + 36. Calculate the remainder when 36 is divided by i.
17
Suppose -4*u - 3*p = -42 - 7, 0 = 3*u - 4*p - 68. Let k = -1 + 6. Suppose 0*g = -k*g + 235. What is the remainder when g is divided by u?
15
Let d be 0 - -1 - (-2)/2. Suppose 0 = -3*p - d*p + 20. Suppose 7 - 1 = 3*h. What is the remainder when p is divided by h?
0
Let j be -2*(-2 - -5)/3. Let i = j - -10. What is the remainder when 15 is divided by i?
7
What is the remainder when 29 is divided by 4/10 - (-112)/20?
5
Suppose -15 = -3*x - 0*x. Suppose 0 = -i + 14 + x. What is the remainder when i is divided by ((-20)/(-6))/(2/6)?
9
Suppose -5*t = 2*w - 60, -2*w + w - 24 = -2*t. Suppose 0 = 3*m + m - t. Suppose -4*z + m*z = -3. Calculate the remainder when 8 is divided by z.
2
Let y = 5 - -11. Let c(x) = 2*x**3 - 3*x + 2. What is the remainder when c(3) is divided by y?
15
Suppose -3*g + 8 = -2*q, 5*g + 2*q + 8 = -0. Suppose g = -4*c + 8. Let t = c - -8. Calculate the remainder when 28 is divided by t.
8
Suppose g + 0*g = -2*f + 159, -4*g + 623 = -5*f. Calculate the remainder when g is divided by 16.
13
Let d(r) = -r**3 + 11*r**2 - 6*r + 6. Let k be 30/8*(-48)/(-18). Calculate the remainder when d(k) is divided by 24.
22
Let o(d) = d**2 - 3. Suppose -4*q - 28 = -0. What is the remainder when o(q) is divided by -3 + 2 - (-1 + -12)?
10
Suppose 0 = 17*q - 20*q + 282. Calculate the remainder when q is divided by 19.
18
Let x(t) = -t**2 + 12*t - 2. Calculate the remainder when x(11) is divided by 4.
1
Let n = 90 + -41. What is the remainder when n is divided by 26?
23
Suppose -3*x - 50 + 266 = 0. What is the remainder when x is divided by 37?
35
Let n = -2 - -10. Let y be (1 - 0)*-3 + 5. Suppose 0 = -4*j - 12, -j + 47 = 4*w - y. Calculate the remainder when w is divided by n.
5
Suppose 4*w - 89 = -2*g + 49, -2*w - 2*g = -74. Suppose 4*k = 68 + w. Calculate the remainder when k is divided by 13.
12
Let k(y) be the third derivative of y**6/120 + y**4/24 + 67*y**3/6 + 6*y**2. What is the remainder when k(0) is divided by 14?
11
Let d(b) = 7*b + 2. Let y be d(-4). Let m = -12 - y. What is the remainder when 40 is divided by m?
12
Suppose 0 = c + 5 - 23. What is the remainder when 34 is divided by c?
16
Suppose 0 = 4*b - 5*b + 5. Calculate the remainder when 24 is divided by b.
4
Let l be -2 - ((-36)/(-2))/(-2). Let r(p) = p**2 - 4*p + 4. Suppose 0 = -d - 3*d + 52. Calculate the remainder when r(l) is divided by d.
12
Let b = -33 - -22. Let h = -6 - b. Calculate the remainder when 12 is divided by h.
2
Suppose 5*u = -4*b + 42, 3*b - 5*u = 23 + 26. Calculate the remainder when 38 is divided by b.
12
Suppose 41 = -2*u - 255. Let t = -101 - u. What is the remainder when t is divided by 12?
11
Suppose -f = -4*f + 45. Calculate the remainder when f is divided by 4.
3
Let n(y) = -y**2 + 8*y + 11. Let c be n(9). Suppose 0*o + 4*o - 13 = -3*d, -c*d + 5 = -o. What is the remainder when 4 is divided by d?
1
Let j(c) = c**3 - 7*c**2 + 9*c - 2. Calculate the remainder when 30 is divided by j(6).
14
Suppose 2*z - 2*l = 3*z - 26, -3*z - l = -58. What is the remainder when 24/(-20)*110/(-4) is divided by z?
15
Calculate the remainder when 12/3 + 11/((-44)/(-72)) is divided by (-7 - -1)*(2 + -3).
4
Suppose 2*x = -0*x + 36. Let v be (1 + 105)/(-2 + 0). Calculate the remainder when 3 - 5 - (v + -2) is divided by x.
17
Let i = 1 - 0. Let d = i + 0. Let l(p) = 3*p**3 + p**2 + p - 1. Calculate the remainder when 7 is divided by l(d).
3
Suppose 0 = -5*f + 7 + 8. What is the remainder when 8 is divided by f?
2
Let i(b) = -b**2 - 3*b + 4. Calculate the remainder when (59/4 - 0) + 2/8 is divided by i(-3).
3
Let g be (-9)/3 - (-58 + 0). Let s = g + -30. What is the remainder when s is divided by 7?
4
Let f(u) = u**3 - 10*u**2 + 8*u - 5. Let s be f(9). Let b(p) = p + 26. What is the remainder when b(s) is divided by 8?
4
Suppose 0 = 4*n - 6*n. Suppose n = 3*h - 3 - 0. What is the remainder when 1 is divided by h?
0
Let p = 2 + 11. What is the remainder when 89 is divided by p?
11
Suppose -3*p + 2*h + 0*h = -23, 6 = 3*h. What is the remainder when p is divided by 3?
0
Let b = 75 + -64. What is the remainder when b is divided by 3?
2
Let q(i) = 11*i**3 - 9 - 7 + 17. Calculate the remainder when 33 is divided by q(1).
9
Suppose -v - 5*j = 2 - 25, 2*j = -3*v + 69. What is the remainder when 59 is divided by v?
13
What is the remainder when ((-9)/(9/(-70)))/(-6 + 7) is divided by 18?
16
Suppose -4*u = 7*p - 3*p - 320, 0 = 5*p - u - 388. What is the remainder when p is divided by 31?
16
Suppose -13